)?
4
Let m(w) = -w**2 + 2*w + 1. Suppose 12 = 2*r - 2*p, 4 = -r - 0*r - p. Let l = 3 - r. Determine m(l).
1
Let h(f) = f**2 + 7*f + 6. Let t(d) = -3*d - 4. Let w be t(1). Determine h(w).
6
Let l(i) = 0*i**3 + 6*i - 8*i + 0*i**3 + i**3 + 2 + 6*i**2. Suppose 40 = -3*r - r + 4*g, -4*r = 3*g + 12. Calculate l(r).
14
Let k(x) = -x - 1. Suppose 5*i + 6 = 3*d + i, -8 = -2*d + 4*i. Calculate k(d).
1
Suppose -4*f = -5*m + 9, 40 = 4*m + 4*f + f. Let c(u) be the first derivative of -u**4/4 + 4*u**3/3 + 2*u**2 - 4*u + 2. Determine c(m).
-9
Suppose -6 = -7*f + 36. Let v(p) = p**2 - 6*p + 3. Determine v(f).
3
Let m(d) be the first derivative of -d**4/4 + 7*d**3/3 - 3*d**2 - 5*d + 6. What is m(6)?
-5
Let d(q) be the second derivative of -q**3/3 + 2*q**2 - 14*q. Give d(6).
-8
Let t(r) be the first derivative of r**6/120 + r**5/30 + r**4/8 - r**3/3 - 3. Let c(p) be the third derivative of t(p). Suppose 3*l + 6 = -0. What is c(l)?
7
Suppose -4*t = 32 - 12. Let z(i) = 2*i**2 - i - 15. Let h(o) = o**2 - 7. Let y(j) = 13*h(j) - 6*z(j). Give y(t).
-6
Let v be (-14)/5 - 1/5. Let j(s) = s + 3. Let f be j(v). Let l(u) = u**3 + u**2 + 2. Determine l(f).
2
Let r(d) = -2*d + 14. Let j(t) = 10*t. Let b be j(1). What is r(b)?
-6
Let r(v) = -v**2 + 2*v + 1 - 3*v - v. Let u(g) = -6*g**2 - 11*g + 6. Let k = 26 - 24. Let c(f) = k*u(f) - 11*r(f). Calculate c(1).
0
Let w = -15 + 27. Let b = w + -6. Let q(l) be the first derivative of -l**3/3 + 7*l**2/2 - 7*l + 2. Calculate q(b).
-1
Let g(m) = -m**2 + 6*m + 3. Let v(c) = -c**2 + 6*c + 1. Let l(y) = 4*g(y) - 5*v(y). Give l(5).
2
Let x(a) be the third derivative of -1/60*a**5 + 0*a + 0 - 1/6*a**3 - 1/12*a**4 - 1/120*a**6 - 5*a**2. Give x(-2).
7
Let o(l) = -3*l**2 - l - 15*l - l - 11. Let v(b) = -b. Let y(a) = 2*a**2 + 8*a + 7. Let n(t) = 3*v(t) - y(t). Let x(w) = -8*n(w) + 5*o(w). What is x(-1)?
-1
Let z(i) = -i + 5. Suppose -26 - 14 = -5*p. Calculate z(p).
-3
Let j(n) = n**2 - 10. Let i(a) = 1. Let w(r) = -4*i(r) - j(r). Determine w(0).
6
Let a(s) = 1 + 3*s + 2*s - 5*s - s**2. Let k(f) = -5*f**2 - 6*f + 2. Let h(y) = -4*a(y) + k(y). What is h(-6)?
-2
Let o(y) = -4*y**3 - 4*y**2 + y - 2. Let c(a) = -9*a**3 - 8*a**2 + 3*a - 4. Let d(s) = -3*c(s) + 7*o(s). Calculate d(-2).
-6
Let b(o) be the third derivative of o**4/24 + 7*o**3/6 - 26*o**2. Determine b(0).
7
Let k = -5 - -6. Let m(d) = -d**3 + d**2 - d + 1. Let o(v) = 3*v**3 + v**2 - v - 1. Let b(q) = k*o(q) + 4*m(q). Give b(3).
6
Let w(h) be the third derivative of -h**6/120 + h**5/15 - h**4/6 + 2*h**3/3 + 8*h**2. Determine w(4).
-12
Let u(a) = -4*a**2 - 17*a - 6. Let t(l) = -2*l**2 - 9*l - 3. Let j(h) = -11*t(h) + 6*u(h). Calculate j(-2).
-5
Suppose 6*i - 10*i = -20. Let x(u) = u**2 - 5*u + 6. Calculate x(i).
6
Suppose -2*w - 4 = -0*w. Let p = -2 + -2. Let k be p + -1*(w - -3). Let y(q) = -q**2 - 4*q + 4. Give y(k).
-1
Let n = 241/3 + -80. Let a(m) be the first derivative of -1/4*m**4 + n*m**3 + 2 - 4*m + 0*m**2. What is a(0)?
-4
Let k(w) = w**2 + 7*w - 5. Let i be k(-7). Let o(n) = -3*n + 2*n + 1 + 0 + 2*n. What is o(i)?
-4
Suppose 7*w + 2*s = 2*w - 16, 5*w + 7 = s. Let k(r) = -r + 2. What is k(w)?
4
Let i(o) = 24*o + o**2 - 14*o - 1 + 0 - 11*o. Give i(1).
-1
Let a(k) be the third derivative of -k**4/12 - k**3/6 + 24*k**2. Let u be -3 - ((-2)/1)/1. What is a(u)?
1
Let c(q) = q**3 - 6*q**2 + 4*q + 5. Suppose -13 = -5*f + 12. Give c(f).
0
Let o(s) = -3*s**3 + 15*s**2 + 7*s + 2. Let x(h) = -4*h**3 + 16*h**2 + 6*h + 1. Let u(m) = -5*o(m) + 4*x(m). Determine u(-10).
4
Suppose -4*b - 15 = 5. Let a(v) = v**2 + 3*v + 1. Calculate a(b).
11
Let l(d) = -d**2 - 3*d + 4. Let t(w) = w. Let p(r) = -l(r) + t(r). Let c be (-4 - -3)*0 - -3. Let j be (-15)/4 - c/12. Determine p(j).
-4
Let t(n) be the first derivative of 0*n + 1 - 3/2*n**2. What is t(1)?
-3
Suppose 2*m - 3*m = -22. Suppose -5*s = m - 2. Let y(k) = k - 4. What is y(s)?
-8
Let z(v) be the first derivative of -1/3*v**3 + 2 - 4*v - 5/2*v**2. Determine z(-5).
-4
Let p(y) = -14*y**2 + 2*y + 1. Suppose 4*k + 9 = 9*m - 8*m, -2*m + 10 = 0. Calculate p(k).
-15
Let b = 9 + -4. Suppose 3*t - 4*z = b, t - 2*z = -z + 1. Let l(o) = -7*o**2 - 4*o + 5. Let j(m) = 6*m**2 + 5*m - 6. Let n(s) = 4*j(s) + 5*l(s). Determine n(t).
-10
Let l(d) = 6 - d**2 - 8*d - 10 + 2*d**2 + 2*d. Determine l(6).
-4
Let r(g) = 3*g + 2. Let w(p) = p + 1. Let u(h) = 3*r(h) - 7*w(h). Suppose 6*j - 10*j = s - 13, 0 = -3*s + 5*j - 12. Determine u(s).
1
Let h(b) = b**2 + 9. Let w(d) be the first derivative of d**4/4 + 3*d**3 + 2. Let f be w(-9). Give h(f).
9
Let w(y) = y**2 + 5*y - 10. Let n(q) = -q + 15. Let i be n(23). Give w(i).
14
Let r(w) = -3*w - 122 + 122. Determine r(-2).
6
Let c(k) be the third derivative of -k**5/30 - k**4/6 + k**3/2 - 4*k**2. Determine c(-4).
-13
Let v(m) = -m**2 - 2*m + 4. Let a be v(-3). Let j(q) = q - 5 + a + 2. What is j(3)?
1
Let m(d) = 3*d**3 - d + 1. Let r be m(2). Let h = -18 + r. Let w(n) = -n**3 + 4*n**2 + 4*n + 6. What is w(h)?
1
Suppose -5*a + b + 13 - 1 = 0, 2*a = 5*b - 9. Let y(d) = -d**2 - d + 4. Let h be y(0). Let j(t) = -5*t**2 + h*t + 0*t**2 + 3*t**2. Give j(a).
-6
Let w(q) = 2*q**2 + 2*q - 7. Let k(p) = -3*p**2 + 2*p - 6. Let u(c) = c**2 - c + 3. Let l(n) = -2*k(n) - 5*u(n). Let x(j) = -9*l(j) + 4*w(j). Calculate x(-1).
-1
Suppose 4*r - 2*r - 8 = 0. Let y(n) = -n - 2. Calculate y(r).
-6
Suppose -2 = b + 4. Let y(p) = -p**2 - 5*p + 6. Give y(b).
0
Let v(a) = -6*a**3 + a. Suppose 0 = 3*n - 4*l + 14, 5 + 5 = 2*l. Let g be (1 + 4/(-8))*n. Give v(g).
-5
Let m(c) = -2*c - 7. Suppose -2 + 0 = -2*w. Let p = -6 + w. Determine m(p).
3
Let s(p) be the second derivative of p**3/6 + p**2 + 7*p. Calculate s(7).
9
Let x(g) = -g. Let i be x(6). Let o(m) = m + 12. Calculate o(i).
6
Let h(c) = -4*c - 4. Let y(l) = -16*l + l + 3*l - 6 - 5. Let r(i) = 8*h(i) - 3*y(i). What is r(-1)?
-3
Let j(h) = -2 - 2 + 2*h**2 + 2. Let y be (-280)/36 - 4/18. Let b = -10 - y. Calculate j(b).
6
Let u be (-20)/(-6)*12/5. Suppose -2*j = r - 5, -2*r = 3*j - 5*j + 20. Suppose j*l = -2*v - v - 42, -2*l + 5*v = -u. Let a(t) = t + 1. Determine a(l).
-5
Let o(v) = -v + 1. Suppose 0 = x - 4*x + 3, -4*a - x = -25. Let c = -1 + 3. Let p = a - c. Calculate o(p).
-3
Let k(c) = -6*c**2 - 4*c - 6. Let w(a) = -a**2. Let f(b) = -7*b**2 - 3*b - 5. Let s(t) = -f(t) + 2*w(t). Let y(l) = 4*k(l) + 5*s(l). Give y(-2).
7
Let h(s) = s**2 - 4*s + 4. Let m be h(4). Let v = -14 + 5. Let c = v + m. Let f(b) = b + 7. Calculate f(c).
2
Let v(z) = -z**2 - 4*z - 3. Let d be 6/10 + (-78)/30. Give v(d).
1
Let m(k) = -k**3 + 2*k**2 - 2*k + 4. Let j(w) = 2*w**3 - 3*w**2 + 4*w - 8. Let f(n) = 3*j(n) + 7*m(n). Give f(4).
12
Let u(f) be the first derivative of -f**2 - 6*f - 1. Calculate u(-5).
4
Let p(z) = z**2 + 6*z + 8. Let y(k) = -k - 2. Let t(s) = -p(s) - 5*y(s). Give t(-5).
-18
Let i(m) be the first derivative of -2*m - 1/3*m**3 + 1/2*m**2 + 3 - 1/20*m**5 - 1/3*m**4. Let j(s) be the first derivative of i(s). Calculate j(-3).
-2
Let o(j) = j - 3. Let f be o(6). Suppose 0 = 9*r - 6*r - 15. Suppose -3*p - r*b = 1, 7 = 2*p - 2*b - f. Let q(g) = -3*g + 3. What is q(p)?
-6
Let r = 1 - 1. Let j(t) = -3 - t - 7*t**2 + 11*t**2 + 7 - 5*t**2. Determine j(r).
4
Let j(o) = -o**3 - 5*o**2 - 4*o - 3. Suppose -k - 75 = 4*k. Let u = 11 + k. Calculate j(u).
-3
Let j(v) = -17*v**2 + 1. Let z = 18 + -19. What is j(z)?
-16
Let k(x) = x**2 + 5*x. Let m = -41 + 21. Let n be (m/16)/(2/8). Calculate k(n).
0
Let s(p) be the third derivative of -p**4/24 - 2*p**2. Suppose 20 = j + 14. Calculate s(j).
-6
Let q(t) = t - 2. Suppose -h = 2*o + 21, -4*o - 14 = -4*h + 22. Let y be (o/(-25))/((-2)/(-30)). Give q(y).
4
Let d(g) = 3*g**2 - 4*g + 2. Let f = 14 - 12. Give d(f).
6
Let y(c) = -c**3 - 2*c**2 - 2*c + 2. Let s be (-1 - 4)*(-2)/5. Let u(v) = 1 + v - 6*v**2 + 6*v**2 + s*v**3. Let l be u(-1). What is y(l)?
6
Let t(p) be the second derivative of -2*p**5/5 - p**3/6 + p**2/2 - 2*p. Let k be (-8)/(-20) - (-58)/5. Let r be k/15 + 2/10. Give t(r).
-8
Let k = 8 - 7. Let r be (0 + -2 + k)/(-1). Let w(u) = 8*u**3 + u**2. Determine w(r).
9
Let c be 6/(0 - 3/(-2)). Let b(p) = -4*p - 34. Let i(d) = -d - 11. Let o(q) = 2*b(q) - 7*i(q). Calculate o(c).
5
Let x(q) = -6*q**2 - 2*q + 1. Let r(y) = -13*y**2 - 4*y + 2. Let j(t) = -4*r(t) + 9*x(t).